Suppose -5*r - u + 120 = 4*u, -5*r + k = u. List the prime factors of r.
2, 7
Let z be (4/(-6))/((-6)/45). Let n be 5 - 1 - (-10)/z. Suppose -3*x + n + 36 = 0. What are the prime factors of x?
2, 7
Suppose 5*l - 142 = 3*m, 0*m - 66 = -3*l - 3*m. What are the prime factors of l?
2, 13
What are the prime factors of (1 + (-3)/5)*10?
2
Suppose 5*u - 54 = 66. What are the prime factors of u?
2, 3
Let d(s) = s + 3. Let r be d(0). Suppose 5*a = r*p - 9 - 16, -4*p = a - 18. Suppose 4*t = -i + 16, p*i + t - 5*t = 8. List the prime factors of i.
2
Suppose 0 = -2*y - 5*l - 11, -6 = y - l + 4*l. Let p = y - -7. What are the prime factors of 615/55 + p/(-22)?
11
Let o(p) be the third derivative of -p**4/8 + 11*p**3/6 - 2*p**2. Let q be o(-8). Suppose 0 = 3*a + 2 - q. List the prime factors of a.
11
Let p be ((-2)/(-1) - 4) + 1. Let s be p/2 - (-2)/4. Let a = 3 + s. List the prime factors of a.
3
Suppose 17*h = 22*h - 220. What are the prime factors of h?
2, 11
Suppose -4*n + 9*n - 40 = 0. Let f(h) = h**3 - 8*h**2 - h + 10. Let j be f(n). Suppose -j*r = -0*r - 2*c - 20, 0 = -3*r - 4*c + 9. List the prime factors of r.
7
Let b(h) = h**2 + h + 45. Let y be b(0). List the prime factors of 30/y - 140/(-6).
2, 3
Let r be (8/3)/((-2)/(-6)). Suppose -3*z + 5*o = z - 67, -z + 2*o = -16. Let w = z - r. List the prime factors of w.
2, 5
Let p(q) be the first derivative of -q**4/4 - 8*q**3/3 - 3*q**2 + 10*q - 1. Let x be p(-7). Suppose b - 48 = -x*b. List the prime factors of b.
2, 3
Suppose 5*t + 56 = 251. Suppose -t = -5*u + 31. List the prime factors of u.
2, 7
Let p be (6 - 0)*(-4)/(-6). Let o = 3 + p. List the prime factors of o.
7
Let t(v) = 15*v**2. Let g be t(-1). Suppose -4*l - o + 28 = 3*o, 5*o = 5*l + g. Suppose l*y - 31 = -1. List the prime factors of y.
3, 5
Let s = -91 - 51. Let w be s/(-10) + 1/(-5). Let q = w + -7. What are the prime factors of q?
7
Let j = -6 - -10. Suppose 40 = 4*d + 2*o, -7*d + 3*d + j*o + 40 = 0. What are the prime factors of d?
2, 5
List the prime factors of ((-33)/6)/(7/(-126)).
3, 11
Let v be 2/(-8) + 68/16. Suppose -3*a + 0 = o - v, a - 6 = -o. What are the prime factors of o?
7
Suppose 2*l = -5*c - 1, 0 = 5*l - 3*c - 4 - 9. Let w = l + -1. List the prime factors of 2 + 3 + (w - 2).
2
Suppose 11 - 41 = -2*n - 3*y, -2*n - y = -34. List the prime factors of n.
2, 3
Let m(g) = g**3 + 23*g**2 + 9*g - 3. What are the prime factors of m(-22)?
283
Let z(a) = -39*a - 1. Let x be z(2). Let g = x - -123. What are the prime factors of g?
2, 11
Suppose 4*r = 8*r + 2*l - 8, 0 = 4*l - 16. Let u(i) = i**3 + i**2 + i + 2. Let o be u(r). Suppose 9 = o*b - 3. What are the prime factors of b?
2, 3
Let d(g) = -9*g - 1. List the prime factors of d(-10).
89
Let p = 87 - 156. Let o = -32 - p. Let i = o + -24. List the prime factors of i.
13
Suppose 0*o + 69 = 3*o. What are the prime factors of o?
23
Suppose 4*r - 6*r = -2, 4*l - 3*r + 75 = 0. Let o = 33 + l. List the prime factors of o.
3, 5
Let j be (-6)/(-12) + (-11)/2. Let f be (-131)/3 - (-4)/6. What are the prime factors of f/j + (-2)/(-5)?
3
Let c(r) be the third derivative of r**6/120 + r**5/60 + 2*r**3 - 4*r**2. What are the prime factors of c(0)?
2, 3
Suppose 3*r = -r - 4*p + 208, -r + 4*p = -72. List the prime factors of r.
2, 7
Let b(t) = -t**3 + 13*t**2 - 10*t + 2. What are the prime factors of b(12)?
2, 13
List the prime factors of (44/(-6))/((-146)/36 - -4).
2, 3, 11
Let b = -10 + 35. Suppose -s = -6*s + b. List the prime factors of s.
5
Let x = 12 + -7. Suppose g - 7 = -5*d - 30, 3*d + 25 = x*g. Suppose 3*z + 11 = -4*l, -4*z - g*l - 3*l - 13 = 0. List the prime factors of z.
3
Let a(u) = -u. Let o(m) = -4*m - 7. Let f(w) = 5*a(w) - o(w). What are the prime factors of f(3)?
2
Let c = -5 - -13. Let i be (-6)/8 - 978/(-24). Suppose -c*m = -4*m - i. What are the prime factors of m?
2, 5
Let u(b) = 81*b**2 + 3*b - 4. List the prime factors of u(1).
2, 5
Let x be 6/(4/(-14)*1). Let y be (x/9 - -2)*-6. Suppose -2*c + 22 = y. What are the prime factors of c?
2, 5
Suppose 1052 = 4*r - 4*c + 188, 0 = -5*c - 5. List the prime factors of r.
5, 43
Suppose 0 = y - 2*y - 3*z + 10, -5*y - 5*z = 0. Let p = -1 - y. List the prime factors of p.
2
Suppose 14*i - 1212 = 2*i. What are the prime factors of i?
101
Let g(k) = 3*k**3 - 2*k**2 + 2*k - 1. List the prime factors of g(1).
2
Let y(a) = 2*a - 8. List the prime factors of y(5).
2
Let t(s) = -s**3 + s**2 + 2*s + 70. List the prime factors of t(0).
2, 5, 7
Let s(a) = a**2 - a - 1. Let k be s(3). Suppose k*j - 3*j = 12. List the prime factors of j.
2, 3
Let s(b) = b**3 - 11*b**2 + 23. List the prime factors of s(11).
23
Let c = -16 + 17. Suppose 0 = 5*z + b - 153, 4*z - 2*b = c + 113. What are the prime factors of z?
2, 3, 5
Let m be 1/(4/8) - -2. Suppose m*q + 19 = 3*j - 21, 4 = 3*j + 5*q. List the prime factors of j.
2
Let o(m) = m**2 + 6*m. Let b(d) = 3*d + 3. Let v be b(-3). Let r be o(v). Suppose h + 4 - 13 = r. What are the prime factors of h?
3
Let w be -3*2*10/(-12). Suppose -w*i - 3*x + 42 = 0, -8 = 2*x - 4*x. Suppose -3*q = -i*q + 18. List the prime factors of q.
2, 3
Suppose 5*w = -5*a + 105, -4*w = 4*a + w - 80. List the prime factors of (140/a)/(2/5).
2, 7
Let y(t) = -t**3 + 8*t**2 - 5*t - 6. Let p be y(6). Suppose 0 = 7*z - 3*z - p. Suppose -x = -3 - z. What are the prime factors of x?
2, 3
Let j(b) = b**3 + 9*b**2 - b - 10. Let v be j(-9). Let o = 6 + v. What are the prime factors of o?
5
Suppose q = 2*w + 6, -3*q + 4*w - 3*w + 8 = 0. Suppose -2*u + q*x + 8 = x, -2*u = -5*x. Suppose 4*s = -u + 33. List the prime factors of s.
7
Suppose 0*h - 5*h = -m - 859, 2*m = -8. What are the prime factors of h?
3, 19
Suppose b = 4*b - 15. Let f(r) = 2*r**2 - 7*r. List the prime factors of f(b).
3, 5
Let b = -32 - -68. What are the prime factors of b?
2, 3
Let o be (-2 + 32/3)*-3. Let h = o + 47. List the prime factors of h.
3, 7
Let n be (-2)/8 - (-3)/(-4). Let c = n - -7. What are the prime factors of 2/3 + 44/c?
2
Let z = 10 + 1. Suppose z = d - c, 3*d + 4*c - 19 = 35. List the prime factors of d.
2, 7
Let f(j) = -7*j**3 + j**2 + j. List the prime factors of f(-1).
7
Let s = 412 - 255. What are the prime factors of s?
157
Suppose -4*k = -k - 72. Suppose 2*z = -3 - 21. Let q = k + z. List the prime factors of q.
2, 3
Let x(d) = d**2 - 8*d + 5. Let n be x(8). Let s = -3 + n. List the prime factors of s.
2
Let r be (-5)/(15/6) - 3. Let p = 12 + r. List the prime factors of p.
7
Let y(t) = -t**3 + 8*t**2 + 10*t - 8. Let u(c) = 2*c**3 - 15*c**2 - 19*c + 16. Let o(m) = 2*u(m) + 5*y(m). What are the prime factors of o(11)?
3
Let w = -69 - -99. List the prime factors of w.
2, 3, 5
What are the prime factors of 1/((-4)/(-648)) + -1?
7, 23
Suppose -2*h - 2 = l, 4*h + 18 = l + h. List the prime factors of 8/3*l/4.
2
Suppose -3*m = 12, 5*n + 9 = 4*m + 70. Suppose -q + 23 = -n. Suppose f = -2*i + q, -3*i - 2*f = -3*f - 48. What are the prime factors of i?
2
Let b(h) = h + 5. Let d be b(0). List the prime factors of (-2)/d - (-97)/5.
19
Suppose 4*y - 592 = -88. List the prime factors of y.
2, 3, 7
Let n be (-3)/2*20/(-6). Let z(d) = -d**2 - 3*d + 4. Let i be z(-4). Suppose n*h - 35 = -i*h. List the prime factors of h.
7
Let q = 127 - 7. List the prime factors of q.
2, 3, 5
Let x(c) = -3*c**2 - 2*c - 2. Let v(j) = -j**2 - j. Let z(f) = 4*v(f) - x(f). Let s be z(-5). Let h = s + 19. What are the prime factors of h?
2, 3
Let f(j) = -7*j + 69. List the prime factors of f(-13).
2, 5
Let m(g) = g**2 + 2*g - 3. Let f be m(-6). Let q = f - 7. List the prime factors of q + -5 + 3 + 2.
2, 7
Let l(z) = 16*z**3 - 3*z**2 + 6*z - 4. List the prime factors of l(2).
2, 31
Suppose -4*u = -0*u - 188. What are the prime factors of u?
47
Suppose 2*g - 630 = -4*g. List the prime factors of g.
3, 5, 7
Suppose 2*t + 4*p - 376 = -0*t, 0 = -t - 3*p + 185. List the prime factors of t.
2, 97
Suppose -o - 1674 = -7*o. List the prime factors of o.
3, 31
Suppose -5*m + 3*x + 58 = 11, 0 = -5*m + 2*x + 43. List the prime factors of m.
7
Suppose 1365 + 119 = 7*n. What are the prime factors of n?
2, 53
List the prime factors of (-4 + 156)/(-1*(-2)/2).
2, 19
Let n(x) = -45*x. Let d(m) = -m**3 + 7*m**2 - 2*m + 13. Let h be d(7). List the prime factors of n(h).
3, 5
Suppose 2*n - 515 = -3*n. Wh